{"id":40,"date":"2025-07-23T09:53:50","date_gmt":"2025-07-23T09:53:50","guid":{"rendered":"http:\/\/mathsetlau.ovh\/index.php\/home\/"},"modified":"2026-03-31T16:38:05","modified_gmt":"2026-03-31T16:38:05","slug":"home","status":"publish","type":"page","link":"https:\/\/mathsetlau.ovh\/","title":{"rendered":"Accueil"},"content":{"rendered":"\t\t<div data-elementor-type=\"wp-page\" data-elementor-id=\"40\" class=\"elementor elementor-40\">\n\t\t\t\t<div class=\"elementor-element elementor-element-5b822b3f e-con-full e-flex e-con e-parent\" data-id=\"5b822b3f\" data-element_type=\"container\" data-e-type=\"container\">\n\t\t\t\t<div class=\"elementor-element elementor-element-a6f6706 elementor-widget__width-inherit elementor-widget elementor-widget-flex-hero\" data-id=\"a6f6706\" data-element_type=\"widget\" data-e-type=\"widget\" data-settings=\"{&quot;primary_button_shape&quot;:&quot;oval&quot;,&quot;image_shape&quot;:&quot;custom&quot;,&quot;layout_preset&quot;:&quot;storytelling&quot;,&quot;box_shape&quot;:&quot;sharp&quot;}\" data-widget_type=\"flex-hero.default\">\n\t\t\t\t<div class=\"elementor-widget-container\">\n\t\t\t\t\t\t\t<div class=\"has-shape-sharp shape-type-box ehp-flex-hero has-layout-preset-storytelling has-border\">\n\t\t\t\t\t\t<div class=\"ehp-flex-hero__overlay\"><\/div>\n\t\t\t<div class=\"ehp-flex-hero__content-container\">\n\t\t\t\t<h2 class=\"ehp-flex-hero__heading\"><span style=\"font-size: 56px\">Bienvenue chez Maths&amp;Lau<\/span><\/h2><h3 class=\"ehp-flex-hero__subheading\"><span style=\"font-family: Roboto, sans-serif;font-size: 20px;letter-spacing: 1px;text-transform: none;text-decoration: underline\">\n  Accompagnement en math\u00e9matiques tous niveaux<br><\/span>\n<p class=\"whitespace-break-spaces\"><span style=\"font-family: Roboto, sans-serif;font-size: 20px;letter-spacing: 1px;text-transform: none\">Que vous soyez \u00e9l\u00e8ve dans le primaire, le secondaire, \u00e9tudiant.e en cours d'examen ou non, adulte en reconversion ou simplement curieux\/ curieuses des math\u00e9matiques, pour am\u00e9liorer vos r\u00e9sultats scolaires, r\u00e9duire l'anxi\u00e9t\u00e9, acqu\u00e9rir des m\u00e9thodes de travail et\/ ou d\u00e9couvrir des applications surprenantes des math\u00e9matiques, ce site est fait pour vous!&nbsp;<\/span><\/p><\/h3>\t\t\t<div class=\"ehp-flex-hero__ctas-container\">\n\t\t\t\t\t\t<a class=\"has-shape-oval shape-type-button ehp-button ehp-button--primary ehp-flex-hero__button ehp-flex-hero__button--primary is-type-button has-border\" href=\"http:\/\/mathsetlau.ovh\/index.php\/about\/\">\n\t\t\t\t\t<span class=\"ehp-button__text ehp-flex-hero__button-text ehp-flex-hero__button-text--primary\">\n\t\t\tNos Services\t\t\t\t<\/a>\n\t\t\t\t\t\t\t\t\t<\/div>\n\t\t\t\t\t<\/div>\n\t\t\t\t<div class=\"ehp-flex-hero__image-wrapper\">\n\t\t\t\t<\/div>\n\t\t\t\t<\/div>\n\t\t\t\t\t\t<\/div>\n\t\t\t\t<\/div>\n\t\t\t\t<\/div>\n\t\t<div class=\"elementor-element elementor-element-ca654a0 e-flex e-con-boxed e-con e-parent\" data-id=\"ca654a0\" data-element_type=\"container\" data-e-type=\"container\">\n\t\t\t\t\t<div class=\"e-con-inner\">\n\t\t<div class=\"elementor-element elementor-element-cb2f9a9 e-con-full e-flex e-con e-child\" data-id=\"cb2f9a9\" data-element_type=\"container\" data-e-type=\"container\">\n\t\t\t\t<div class=\"elementor-element elementor-element-729ce21 elementor-widget elementor-widget-heading\" data-id=\"729ce21\" data-element_type=\"widget\" data-e-type=\"widget\" data-widget_type=\"heading.default\">\n\t\t\t\t\t<h2 class=\"elementor-heading-title elementor-size-default\">POURQUOI ?<\/h2>\t\t\t\t<\/div>\n\t\t\t\t<div class=\"elementor-element elementor-element-84b4b65 elementor-widget elementor-widget-text-editor\" data-id=\"84b4b65\" data-element_type=\"widget\" data-e-type=\"widget\" data-widget_type=\"text-editor.default\">\n\t\t\t\t\t\t\t\t\t<p><span style=\"text-align: justify;\">Pourquoi un accompagnement en math\u00e9matiques?&nbsp;<\/span><\/p>\n<p style=\"margin-block-end: 12px; text-align: justify;\"><em style=\"text-align: center; word-spacing: 0em;\">Parce que les math\u00e9matiques sont <strong>omnipr\u00e9sentes<\/strong> dans notre quotidien et <strong>essentielles<\/strong> pour de nombreuses fili\u00e8res d\u2019\u00e9tudes scientifiques<\/em>.&nbsp;<\/p>\n<p style=\"margin-block-end: 12px; text-align: justify;\">Un coup de pouce ponctuel, adapt\u00e9 et personnalis\u00e9, suffit la plupart du temps \u00e0 retrouver confiance en soi et atteindre son objectif.&nbsp;<\/p>\n<h3 style=\"color: #1297e0; font-family: Roboto, sans-serif; text-align: justify;\"><i>A plusieurs, on va plus loin !&nbsp;<\/i><\/h3>\t\t\t\t\t\t\t\t<\/div>\n\t\t\t\t<\/div>\n\t\t<div class=\"elementor-element elementor-element-3b55587 e-con-full e-flex e-con e-child\" data-id=\"3b55587\" data-element_type=\"container\" data-e-type=\"container\">\n\t\t\t\t<div class=\"elementor-element elementor-element-372d90b elementor-widget elementor-widget-image\" data-id=\"372d90b\" data-element_type=\"widget\" data-e-type=\"widget\" data-widget_type=\"image.default\">\n\t\t\t\t\t\t\t\t\t\t\t\t\t\t\t<img fetchpriority=\"high\" decoding=\"async\" width=\"683\" height=\"1024\" src=\"https:\/\/mathsetlau.ovh\/wp-content\/uploads\/2025\/10\/poulpe_plusieurs-1-683x1024.png\" class=\"attachment-large size-large wp-image-229\" alt=\"\" srcset=\"https:\/\/mathsetlau.ovh\/wp-content\/uploads\/2025\/10\/poulpe_plusieurs-1-683x1024.png 683w, https:\/\/mathsetlau.ovh\/wp-content\/uploads\/2025\/10\/poulpe_plusieurs-1-200x300.png 200w, https:\/\/mathsetlau.ovh\/wp-content\/uploads\/2025\/10\/poulpe_plusieurs-1-768x1152.png 768w, https:\/\/mathsetlau.ovh\/wp-content\/uploads\/2025\/10\/poulpe_plusieurs-1.png 1024w\" sizes=\"(max-width: 683px) 100vw, 683px\" \/>\t\t\t\t\t\t\t\t\t\t\t\t\t\t\t<\/div>\n\t\t\t\t<\/div>\n\t\t\t\t\t<\/div>\n\t\t\t\t<\/div>\n\t\t<div class=\"elementor-element elementor-element-e316ce7 e-flex e-con-boxed e-con e-parent\" data-id=\"e316ce7\" data-element_type=\"container\" data-e-type=\"container\">\n\t\t\t\t\t<div class=\"e-con-inner\">\n\t\t\t\t<div class=\"elementor-element elementor-element-3d677fd elementor-widget elementor-widget-heading\" data-id=\"3d677fd\" data-element_type=\"widget\" data-e-type=\"widget\" data-widget_type=\"heading.default\">\n\t\t\t\t\t<h2 class=\"elementor-heading-title elementor-size-default\">Qui suis-je? <\/h2>\t\t\t\t<\/div>\n\t\t\t\t\t<\/div>\n\t\t\t\t<\/div>\n\t\t<div class=\"elementor-element elementor-element-30cab3d e-flex e-con-boxed e-con e-parent\" data-id=\"30cab3d\" data-element_type=\"container\" data-e-type=\"container\">\n\t\t\t\t\t<div class=\"e-con-inner\">\n\t\t\t\t<div class=\"elementor-element elementor-element-cfd54f8 elementor-widget elementor-widget-image\" data-id=\"cfd54f8\" data-element_type=\"widget\" data-e-type=\"widget\" data-widget_type=\"image.default\">\n\t\t\t\t\t\t\t\t\t\t\t\t\t\t\t<img decoding=\"async\" width=\"2560\" height=\"1707\" src=\"https:\/\/mathsetlau.ovh\/wp-content\/uploads\/2025\/07\/BGELaurence-3-scaled.jpg\" class=\"attachment-full size-full wp-image-144\" alt=\"\" srcset=\"https:\/\/mathsetlau.ovh\/wp-content\/uploads\/2025\/07\/BGELaurence-3-scaled.jpg 2560w, https:\/\/mathsetlau.ovh\/wp-content\/uploads\/2025\/07\/BGELaurence-3-300x200.jpg 300w, https:\/\/mathsetlau.ovh\/wp-content\/uploads\/2025\/07\/BGELaurence-3-1024x683.jpg 1024w, https:\/\/mathsetlau.ovh\/wp-content\/uploads\/2025\/07\/BGELaurence-3-768x512.jpg 768w, https:\/\/mathsetlau.ovh\/wp-content\/uploads\/2025\/07\/BGELaurence-3-1536x1024.jpg 1536w, https:\/\/mathsetlau.ovh\/wp-content\/uploads\/2025\/07\/BGELaurence-3-2048x1365.jpg 2048w\" sizes=\"(max-width: 2560px) 100vw, 2560px\" \/>\t\t\t\t\t\t\t\t\t\t\t\t\t\t\t<\/div>\n\t\t\t\t\t<\/div>\n\t\t\t\t<\/div>\n\t\t<div class=\"elementor-element elementor-element-c74caa3 e-flex e-con-boxed e-con e-parent\" data-id=\"c74caa3\" data-element_type=\"container\" data-e-type=\"container\">\n\t\t\t\t\t<div class=\"e-con-inner\">\n\t\t\t\t<div class=\"elementor-element elementor-element-c1d1f95 elementor-widget elementor-widget-text-editor\" data-id=\"c1d1f95\" data-element_type=\"widget\" data-e-type=\"widget\" data-widget_type=\"text-editor.default\">\n\t\t\t\t\t\t\t\t\t<p>(cr\u00e9dit photos: <a href=\"http:\/\/www.juliekirtz-photographe.fr\/\" target=\"_blank\" rel=\"noopener\" data-saferedirecturl=\"https:\/\/www.google.com\/url?q=http:\/\/www.juliekirtz-photographe.fr&amp;source=gmail&amp;ust=1753970992684000&amp;usg=AOvVaw0A7laWQNkLhnIebxCy2lRi\"><i>www.juliekirtz-photographe.fr<\/i><\/a>)<\/p>\t\t\t\t\t\t\t\t<\/div>\n\t\t\t\t\t<\/div>\n\t\t\t\t<\/div>\n\t\t<div class=\"elementor-element elementor-element-48437f5 e-flex e-con-boxed e-con e-parent\" data-id=\"48437f5\" data-element_type=\"container\" data-e-type=\"container\">\n\t\t\t\t\t<div class=\"e-con-inner\">\n\t\t<div class=\"elementor-element elementor-element-00c8738 e-con-full e-flex e-con e-child\" data-id=\"00c8738\" data-element_type=\"container\" data-e-type=\"container\">\n\t\t<div class=\"elementor-element elementor-element-c27be5c e-grid e-con-full e-con e-child\" data-id=\"c27be5c\" data-element_type=\"container\" data-e-type=\"container\">\n\t\t\t\t<div class=\"elementor-element elementor-element-cc77023 elementor-widget elementor-widget-heading\" data-id=\"cc77023\" data-element_type=\"widget\" data-e-type=\"widget\" data-widget_type=\"heading.default\">\n\t\t\t\t\t<h2 class=\"elementor-heading-title elementor-size-default\"><span style=\"font-family: Roboto, sans-serif;font-size: 2rem;letter-spacing: 1px;text-align: center\">Une femme<\/span><\/h2>\t\t\t\t<\/div>\n\t\t\t\t<div class=\"elementor-element elementor-element-8e31996 elementor-widget elementor-widget-text-editor\" data-id=\"8e31996\" data-element_type=\"widget\" data-e-type=\"widget\" data-widget_type=\"text-editor.default\">\n\t\t\t\t\t\t\t\t\t<p>Le constat du rapport des filles avec les maths \u00e0 l&#8217;\u00e9cole:<\/p><ul><li>42 % des filles seulement suivent l\u2019enseignement de sp\u00e9cialit\u00e9 math\u00e9matiques en terminale.<\/li><\/ul><ul><li>elles ne repr\u00e9sentent que 25 % des \u00e9tudiants qui int\u00e8grent des formations d\u2019ing\u00e9nieurs et du num\u00e9rique. Cette proportion stagne depuis plus de vingt ans.<\/li><\/ul><ul><li>Ces choix sont p\u00e9nalisants pour les filles\u00a0qui s\u2019orientent vers des m\u00e9tiers moins r\u00e9mun\u00e9rateurs.<\/li><\/ul><p>Chaque ann\u00e9e, il manque en France plus de 20 000 ing\u00e9nieur.e.s et<br \/>60 000 technicien.ne.s.<\/p><ul><li>Les st\u00e9r\u00e9otypes de genre\u00a0se maintiennent, voire s\u2019accentuent.<\/li><\/ul><p>Cela g\u00e9n\u00e8re un manque de confiance et de projection de la part des jeunes filles dans les m\u00e9tiers d&#8217;ing\u00e9nieur.e.s et du num\u00e9rique.\u00a0<\/p>\t\t\t\t\t\t\t\t<\/div>\n\t\t\t\t<div class=\"elementor-element elementor-element-129005b elementor-widget elementor-widget-button\" data-id=\"129005b\" data-element_type=\"widget\" data-e-type=\"widget\" data-widget_type=\"button.default\">\n\t\t\t\t\t\t\t\t\t\t<a class=\"elementor-button elementor-button-link elementor-size-sm\" href=\"https:\/\/www.education.gouv.fr\/plan-filles-et-maths-pour-que-les-jeunes-filles-prennent-toute-leur-place-dans-les-metiers-de-l-450509\" target=\"_blank\">\n\t\t\t\t\t\t<span class=\"elementor-button-content-wrapper\">\n\t\t\t\t\t\t\t\t\t<span class=\"elementor-button-text\">Plan Filles et Maths<\/span>\n\t\t\t\t\t<\/span>\n\t\t\t\t\t<\/a>\n\t\t\t\t\t\t\t\t<\/div>\n\t\t\t\t<div class=\"elementor-element elementor-element-c355d80 elementor-widget elementor-widget-heading\" data-id=\"c355d80\" data-element_type=\"widget\" data-e-type=\"widget\" data-widget_type=\"heading.default\">\n\t\t\t\t\t<h2 class=\"elementor-heading-title elementor-size-default\"><span style=\"font-family: Roboto, sans-serif;font-size: 2rem;letter-spacing: 1px;text-align: center\">Une scientifique<\/span><br><\/h2>\t\t\t\t<\/div>\n\t\t\t\t<div class=\"elementor-element elementor-element-b5cab21 elementor-widget elementor-widget-text-editor\" data-id=\"b5cab21\" data-element_type=\"widget\" data-e-type=\"widget\" data-widget_type=\"text-editor.default\">\n\t\t\t\t\t\t\t\t\t<p class=\"whitespace-break-spaces\">Apr\u00e8s un baccalaur\u00e9at scientifique, j\u2019ai opt\u00e9 pour les classes pr\u00e9paratoires PCSI (Physique-Chimie-Sciences de l\u2019Ing\u00e9nieur), puis PC (Physique-Chimie), qui m\u2019ont permis d\u2019int\u00e9grer une \u00e9cole d\u2019ing\u00e9nieurs \u00e0 Bourges sur concours.<\/p><p class=\"whitespace-break-spaces\">Passionn\u00e9e par la recherche et l\u2019enseignement, j\u2019ai poursuivi en r\u00e9alisant une th\u00e8se en 3 ans dans un laboratoire \u00e0 Poitiers, tout en enseignant en IUT. J\u2019ai ensuite exerc\u00e9 pendant une quinzaine d\u2019ann\u00e9es comme ing\u00e9nieure dans le secteur priv\u00e9.<\/p><p class=\"whitespace-break-spaces\">Aujourd\u2019hui, avec Maths&amp;Lau, j\u2019accompagne les jeunes\u2026 et les moins jeunes ! dans leur parcours scientifique, notamment en math\u00e9matiques.<\/p>\t\t\t\t\t\t\t\t<\/div>\n\t\t\t\t<div class=\"elementor-element elementor-element-b2ce2f5 elementor-widget elementor-widget-button\" data-id=\"b2ce2f5\" data-element_type=\"widget\" data-e-type=\"widget\" data-widget_type=\"button.default\">\n\t\t\t\t\t\t\t\t\t\t<a class=\"elementor-button elementor-button-link elementor-size-sm\" href=\"http:\/\/mathsetlau.ovh\/wp-content\/uploads\/2025\/10\/PAGNANINI_CV_mathsetlau.pdf\" target=\"_blank\">\n\t\t\t\t\t\t<span class=\"elementor-button-content-wrapper\">\n\t\t\t\t\t\t\t\t\t<span class=\"elementor-button-text\">CV<\/span>\n\t\t\t\t\t<\/span>\n\t\t\t\t\t<\/a>\n\t\t\t\t\t\t\t\t<\/div>\n\t\t\t\t<div class=\"elementor-element elementor-element-5ea691a elementor-widget elementor-widget-heading\" data-id=\"5ea691a\" data-element_type=\"widget\" data-e-type=\"widget\" data-widget_type=\"heading.default\">\n\t\t\t\t\t<h2 class=\"elementor-heading-title elementor-size-default\"><h2 style=\"font-family: Roboto, sans-serif;letter-spacing: 1px;text-align: center\">Une passionn\u00e9e et curieuse de sciences<\/h2><\/h2>\t\t\t\t<\/div>\n\t\t\t\t<div class=\"elementor-element elementor-element-cfd8a17 elementor-widget elementor-widget-text-editor\" data-id=\"cfd8a17\" data-element_type=\"widget\" data-e-type=\"widget\" data-widget_type=\"text-editor.default\">\n\t\t\t\t\t\t\t\t\t<p style=\"text-align: left;\">J\u2019appr\u00e9cie la lecture de documents \u00e0 la fois p\u00e9dagogiques et enrichissants.<\/p><p data-start=\"79\" data-end=\"342\" data-is-last-node=\"\" data-is-only-node=\"\">Je m\u2019int\u00e9resse particuli\u00e8rement aux approches \u00e9ducatives dites \u00ab alternatives \u00bb et porte une attention soutenue aux recherches en neurod\u00e9veloppement, qui mettent en \u00e9vidence la diversit\u00e9 des formes d\u2019intelligence ainsi que les outils permettant de les d\u00e9velopper.<\/p>\t\t\t\t\t\t\t\t<\/div>\n\t\t\t\t<div class=\"elementor-element elementor-element-896a603 elementor-widget elementor-widget-button\" data-id=\"896a603\" data-element_type=\"widget\" data-e-type=\"widget\" data-widget_type=\"button.default\">\n\t\t\t\t\t\t\t\t\t\t<a class=\"elementor-button elementor-button-link elementor-size-sm\" href=\"https:\/\/www.facebook.com\/?locale=fr_FR\">\n\t\t\t\t\t\t<span class=\"elementor-button-content-wrapper\">\n\t\t\t\t\t\t\t\t\t<span class=\"elementor-button-text\">Page Facebook<\/span>\n\t\t\t\t\t<\/span>\n\t\t\t\t\t<\/a>\n\t\t\t\t\t\t\t\t<\/div>\n\t\t\t\t<\/div>\n\t\t\t\t<\/div>\n\t\t\t\t\t<\/div>\n\t\t\t\t<\/div>\n\t\t\t\t<\/div>\n\t\t","protected":false},"excerpt":{"rendered":"<p>Bienvenue chez Maths&amp;Lau Accompagnement en math\u00e9matiques tous niveaux Que vous soyez \u00e9l\u00e8ve dans le primaire, le secondaire, \u00e9tudiant.e en cours d&#8217;examen ou non, adulte en reconversion ou simplement curieux\/ curieuses des math\u00e9matiques, pour am\u00e9liorer vos r\u00e9sultats scolaires, r\u00e9duire l&#8217;anxi\u00e9t\u00e9, acqu\u00e9rir des m\u00e9thodes de travail et\/ ou d\u00e9couvrir des applications surprenantes des math\u00e9matiques, ce site est [&hellip;]<\/p>\n","protected":false},"author":1,"featured_media":79,"parent":0,"menu_order":0,"comment_status":"closed","ping_status":"closed","template":"elementor_header_footer","meta":{"footnotes":""},"class_list":["post-40","page","type-page","status-publish","has-post-thumbnail","hentry"],"_links":{"self":[{"href":"https:\/\/mathsetlau.ovh\/index.php\/wp-json\/wp\/v2\/pages\/40","targetHints":{"allow":["GET"]}}],"collection":[{"href":"https:\/\/mathsetlau.ovh\/index.php\/wp-json\/wp\/v2\/pages"}],"about":[{"href":"https:\/\/mathsetlau.ovh\/index.php\/wp-json\/wp\/v2\/types\/page"}],"author":[{"embeddable":true,"href":"https:\/\/mathsetlau.ovh\/index.php\/wp-json\/wp\/v2\/users\/1"}],"replies":[{"embeddable":true,"href":"https:\/\/mathsetlau.ovh\/index.php\/wp-json\/wp\/v2\/comments?post=40"}],"version-history":[{"count":139,"href":"https:\/\/mathsetlau.ovh\/index.php\/wp-json\/wp\/v2\/pages\/40\/revisions"}],"predecessor-version":[{"id":529,"href":"https:\/\/mathsetlau.ovh\/index.php\/wp-json\/wp\/v2\/pages\/40\/revisions\/529"}],"wp:featuredmedia":[{"embeddable":true,"href":"https:\/\/mathsetlau.ovh\/index.php\/wp-json\/wp\/v2\/media\/79"}],"wp:attachment":[{"href":"https:\/\/mathsetlau.ovh\/index.php\/wp-json\/wp\/v2\/media?parent=40"}],"curies":[{"name":"wp","href":"https:\/\/api.w.org\/{rel}","templated":true}]}}